actor of 6 and h?
6
Suppose -2*h + s = 2*s - 24, -25 = -3*h + 4*s. Let m = -12 - -7. Let p(i) = i**2 - 6*i. Let r be p(m). Calculate the greatest common divisor of h and r.
11
Let t(k) = k**2 - 4. Let h be t(3). Suppose n + 378 = -4*n - 3*v, 0 = n - h*v + 98. Let l = -24 - n. Calculate the highest common factor of 18 and l.
18
Let p(u) = 3*u**3 - 3*u**2 + 1. Let g be p(3). Calculate the highest common divisor of g and 5.
5
Suppose 0 = 5*c - 0*c - 60. Suppose 3*g - 2 = g. Let q = 11 + g. What is the greatest common factor of c and q?
12
Let k be 26/(-130) + 22*6/10. Calculate the highest common factor of 91 and k.
13
Suppose 0*n - 4*n + 104 = 0. Calculate the highest common divisor of 39 and n.
13
Suppose 4*a = -97 + 113. Let s(g) = g**2 + g + 4. Let u be s(3). Calculate the highest common factor of a and u.
4
Let r be (4/3)/(2/(-6)). Let n be (-2)/r - (-3)/(-6). Let v be (-1 - n) + -1 - -155. What is the highest common divisor of 17 and v?
17
Let b = 7 + 13. What is the highest common factor of b and 5?
5
Let h be 6 + -2 + -3 + 1. What is the greatest common factor of h and 50?
2
Let n(f) = f**3 - 13*f**2 + 13*f. Let b be n(12). What is the highest common factor of 8 and b?
4
Let r(d) = 2*d + 15. Let n be r(9). What is the greatest common divisor of 22 and n?
11
Suppose 74 + 11 = r - 3*j, -188 = -2*r - 3*j. What is the highest common factor of r and 13?
13
Suppose 3*t = -2*t + 1355. Let d = t - 152. Calculate the greatest common factor of 17 and d.
17
Let p(f) = -2*f**2 + 15*f + 30. Let g be p(9). Calculate the greatest common factor of g and 1.
1
Let p = 2 - -10. Let f = 215 - 119. What is the highest common divisor of f and p?
12
Suppose 0 = -3*g + 328 + 32. What is the greatest common factor of 20 and g?
20
Suppose -8*t - 288 = -20*t. What is the highest common factor of 42 and t?
6
Let t = 12 - -1. Suppose -3*f = -2 - t. Suppose -3 = -f*l + 492. Calculate the greatest common factor of 11 and l.
11
Let c(y) = -y - 2. Let x be c(-4). Suppose 0 = -3*j - x*g - 2*g + 32, -14 = -j - 2*g. Calculate the greatest common factor of 4 and j.
4
Let b(p) = p**2 + 5*p + 2. Let k(r) = r**3 - 6*r**2 - 9*r + 9. Let u be k(7). Let x be b(u). What is the highest common factor of 4 and x?
2
Let i(y) = 3*y**2 - 4*y + 2. Let j be i(2). Let a be 3/(-21) + 86/14. Calculate the greatest common factor of j and a.
6
Let i be (35/15 - 4)/((-2)/72). What is the greatest common divisor of 12 and i?
12
Suppose -r - 5*f - 475 = -6*r, -2 = -2*f. Calculate the highest common divisor of 12 and r.
12
Suppose 4*w + 18 = w. Let b be ((-2)/w - -1)*3. Suppose -b*f + 3*m = -65, 10*f - 61 = 5*f - 3*m. Calculate the highest common divisor of f and 140.
14
Suppose -3*q + 72 + 18 = 0. Calculate the highest common factor of q and 15.
15
Let b be (19/(-2))/(2/(-4)). Calculate the greatest common divisor of b and 171.
19
Suppose -2*l + 21 = 3*u, 0 = 2*u + 2*l - 19 + 3. Let w be 10/25 + 228/u. What is the highest common divisor of w and 23?
23
Let r(a) = -a**3 + 10*a**2 + 13*a + 3. Let c be r(11). Calculate the greatest common divisor of c and 75.
25
Suppose 0 = 2*q + 3*r - 17 - 13, -37 = -5*q + 2*r. Let w be 6/(-8)*(-24)/q. What is the highest common divisor of 2 and w?
2
Let k be (-6)/(-8) - (-57)/4 - 0. Calculate the highest common factor of 3 and k.
3
Let y be (34/(-4))/(2/(-4)). Let k(c) = c - 2. Let d be k(5). Suppose 0 = -d*o, -3*o + 935 = 4*r + r. Calculate the highest common factor of r and y.
17
Let m(i) = -1. Let n(a) = -a**2 - 9*a - 11. Let u(s) = -2*m(s) + n(s). Let r be u(-6). Suppose r = 4*f - 23. What is the highest common factor of 24 and f?
8
Let m = -24 + 46. What is the highest common factor of 198 and m?
22
Let h = 31 + 54. Suppose -68*l + 153 = -59*l. Calculate the greatest common factor of l and h.
17
Let m be -3*(-2)/9*21. Let i = m - -22. What is the greatest common factor of 4 and i?
4
Suppose -2*i = -i - 3*a - 24, 72 = 5*i - 3*a. Calculate the greatest common divisor of 36 and i.
12
Let m(y) = y + 10. Let x be m(-7). Suppose -4*r + 25 = -x*g, 4 = 2*r - 2*g - 8. Calculate the highest common factor of r and 49.
7
Suppose 0 = 2*q - 11 - 49. Calculate the greatest common divisor of 12 and q.
6
Let l(f) = 2*f**2 - 6*f + 14. Let d be l(6). What is the highest common factor of d and 10?
10
Suppose 0 = -n + 3*n - 76. Calculate the greatest common factor of 19 and n.
19
Let b = -44 - -77. Calculate the greatest common factor of b and 3.
3
Suppose 0 = -5*x + 2*x + 5*b, -15 = -5*b. Suppose -6*g + 2*g + m = -144, 0 = 4*g + m - 136. What is the highest common factor of g and x?
5
Let u be 1/(-8) + -2*147/(-48). What is the highest common divisor of u and 42?
6
Suppose -4*m = -8, 4*m - 7*m = -3*f + 6. Calculate the greatest common divisor of f and 1.
1
Let x be 131/2 - (-2)/(-4). Let s be 0 + (0 - 1)*-26. What is the highest common factor of x and s?
13
Let t = -62 + 142. Suppose 0 = 2*f - 48 + 16. What is the greatest common factor of f and t?
16
Let a = -1 - -2. Let x = -11 - -19. Suppose -15 = -5*u + 5*p, -3*p - x + 23 = 0. What is the greatest common divisor of a and u?
1
Suppose 27*j + 90 = 28*j. Calculate the greatest common factor of j and 36.
18
Let t(i) = 0 + 0*i + 6 + i + i. Let a be t(-7). Let q = 14 + a. What is the greatest common divisor of q and 15?
3
Let r = -8 + 8. Let c be r/(-3) - (-2 + 0). What is the greatest common divisor of 2 and c?
2
Suppose -3 = -q - 1. Suppose q*t + 2 = 3*t. What is the highest common divisor of 6 and t?
2
Let p = 7 + -21. Let g be (-928)/p - 4/14. What is the highest common factor of 6 and g?
6
Let b(s) = -s**2 + 14. Let i be b(7). Let a = i - -72. Calculate the highest common divisor of a and 407.
37
Let m(h) = -h**3 - 5*h**2 + 2*h + 1. Let v be m(-5). Let w be 42/v*18/(-7). What is the highest common factor of w and 12?
12
Let f(d) = -d**3 - 4*d**2 - 3*d + 1. Let j be f(-3). Let u = 5 + -10. Let s be ((0 - 1)*u)/j. What is the highest common divisor of 10 and s?
5
Suppose -2*f = -m - 8, 5*f = 3*f - m + 4. Let j(p) = -3*p - 6. Let d be j(-4). What is the greatest common factor of d and f?
3
Let i(o) = -3*o + 5. Let x be i(-9). Let n = x - 17. What is the highest common divisor of 15 and n?
15
Suppose -4*g + 46 = -22. What is the greatest common divisor of 119 and g?
17
Suppose 2*m = i - 5*i + 82, 4*i + 3*m - 85 = 0. Suppose 5*q + i = -w, -4*q - 18 = -3*w + 1. Let s = q - -16. What is the highest common divisor of s and 60?
12
Let y be -3*(1 + -1 - 1). Let w be 94/y - (-2)/3. Calculate the highest common divisor of 8 and w.
8
Let h(i) = i**2 - 12*i + 2. Let t be h(9). Let v be (-3)/12 + t/(-4). Suppose -x + 2*x + v = 4*w, 2*x - 43 = -3*w. What is the highest common factor of x and 2?
2
Let g(h) = -h**2 + 12*h + 1. Let j be g(7). Let z(q) = 5*q**2 + 2*q - 1. Let y be z(1). What is the greatest common divisor of j and y?
6
Let v(j) = -j**2 + j - 4. Let a be v(0). Let b(r) = -r**2 - 3*r - 2. Let f be b(a). Let x = 6 - f. What is the highest common divisor of 96 and x?
12
Let f be (-75)/10*(-8)/3. Suppose -f = 3*w - 7*w. Let u = 73 + -28. Calculate the highest common divisor of w and u.
5
Let x(s) = -s - 1. Let h be x(-1). Suppose 2*b - 16 = 4*u - 54, 4*u + 5*b - 45 = h. Calculate the highest common factor of u and 50.
10
Suppose -3*v + 15 = 2*c, 2*v - 15 - 3 = -4*c. Calculate the highest common factor of c and 3.
3
Let c = 21 + 29. Let k(i) = -i**3 - 9*i**2 + 10*i + 10. Let n be k(-10). Calculate the highest common divisor of c and n.
10
Let w = 298 + 4. Suppose 0 = 5*y + 5*p - 128 - w, 2*p + 188 = 2*y. What is the highest common divisor of y and 10?
10
Let r(q) = 2*q + 17. Let l be r(5). Calculate the highest common divisor of 27 and l.
27
Suppose 2*g + 5*r - 26 = 0, 2*g = 3*r + 2 - 8. What is the greatest common factor of g and 33?
3
Let q(g) = g + 8. Let l be q(17). Calculate the greatest common divisor of l and 25.
25
Suppose -h + 54 = -0*h - 5*n, 2*h - 108 = n. Calculate the highest common factor of 36 and h.
18
Let r(d) = d**2 - 7*d + 4. Let a be r(7). Let k be (-12 - -6)*a/(-3). Let u(l) = 87*l**2 + 1. Let v be u(1). What is the greatest common divisor of k and v?
8
Let q(i) = -16*i**2 + i + 1. Let f be q(-1). Let p be (-279)/(-4) + (-4)/f. Suppose 0 = -4*k + 3*k + 10. What is the greatest common factor of k and p?
10
Let 